{"id":13178,"date":"2023-02-14T09:12:19","date_gmt":"2023-02-14T08:12:19","guid":{"rendered":"https:\/\/www.meslibellules.fr\/blog\/?page_id=13178"},"modified":"2024-08-07T09:29:59","modified_gmt":"2024-08-07T07:29:59","slug":"orthetrum-brunneum","status":"publish","type":"page","link":"https:\/\/www.meslibellules.fr\/blog\/orthetrum-brunneum\/","title":{"rendered":"Orthetrum brunneum (Fonscolombe, 1837)"},"content":{"rendered":"\n<p><\/p>\n\n\n\n<figure class=\"wp-block-image aligncenter size-full is-resized\"><a href=\"https:\/\/www.meslibellules.fr\/blog\/wp-content\/uploads\/Orthetrum-brunneum-male.webp\"><img decoding=\"async\" width=\"1975\" height=\"1204\" data-src=\"https:\/\/www.meslibellules.fr\/blog\/wp-content\/uploads\/Orthetrum-brunneum-male.webp\" alt=\"Orthetrum brunneum femelle, Sort-en-Chalosse (France-40), 04\/07\/2020\" class=\"wp-image-13177 lazyload\" style=\"--smush-placeholder-width: 1975px; --smush-placeholder-aspect-ratio: 1975\/1204;width:538px;height:auto\" data-srcset=\"https:\/\/www.meslibellules.fr\/blog\/wp-content\/uploads\/Orthetrum-brunneum-male.webp 1975w, https:\/\/www.meslibellules.fr\/blog\/wp-content\/uploads\/Orthetrum-brunneum-male-768x468.webp 768w, https:\/\/www.meslibellules.fr\/blog\/wp-content\/uploads\/Orthetrum-brunneum-male-1536x936.webp 1536w\" data-sizes=\"(max-width: 1975px) 100vw, 1975px\" src=\"data:image\/svg+xml;base64,PHN2ZyB3aWR0aD0iMSIgaGVpZ2h0PSIxIiB4bWxucz0iaHR0cDovL3d3dy53My5vcmcvMjAwMC9zdmciPjwvc3ZnPg==\" \/><\/a><figcaption class=\"wp-element-caption\">Orthetrum brunneum femelle, Sort-en-Chalosse (France-40), 04\/07\/2020<\/figcaption><\/figure>\n\n\n\n<h5><span style=\"text-decoration: underline;\">Description &#8211; Identification<\/span><\/h5>\n\n\n\n<p>Autant l&rsquo;avouer tout de suite, <strong>le m\u00e2le mature<\/strong> de l&rsquo;Orthetrum brunneum n&rsquo;est pas brun, mais bleu !<br>Il mesure 41 \u00e0 49 mm de longueur totale, il est bleu pour le thorax et l&rsquo;abdomen, qui est aplati, sa face est claire avec des yeux bleu porcelaine, ses pattes presque noires, ses pt\u00e9rostigmas assez courts sont jaunes.<br>On ne peut vraiment le confondre qu&rsquo;avec <a href=\"https:\/\/www.meslibellules.fr\/blog\/wp-content\/uploads\/Orthetrum-coerulescens-accueil.webp\">Orthetrum coerulescens<\/a> (les autres Orthetrum sont noirs sur les derniers segments abdominaux et ont des pt\u00e9rostigmas noirs) et la diff\u00e9renciation est parfois d\u00e9licate si on ne voit pas correctement la nervation ou la face : sauf dans le sud de la France le thorax de ce dernier est brun (souvent bleu \u00ab\u00a0sale\u00a0\u00bb dans le sud), les pt\u00e9rostigmas de l&rsquo;Orth\u00e9trum brun (c&rsquo;est son nom fran\u00e7ais) sont plus courts (difficile \u00e0 appr\u00e9cier si on n&rsquo;a pas l&rsquo;habitude), sa face est claire (brune pour son cousin), il a 4 \u00e0 9 cellules d\u00e9doubl\u00e9es au-dessus de la nervure Radiale suppl\u00e9mentaire alors que l&rsquo;Orthetrum bleuissant en montre souvent peu, parfois aucune et rarement jusqu&rsquo;\u00e0 5. Ce dernier est aussi plus petit.<\/p>\n\n\n\n<p><strong>Les femelles<\/strong> sont <em>brunes ou jaune-brun<\/em>, la face est claire avec des yeux gris-bleu, rarement surmont\u00e9s de brun, le thorax porte deux bandes transverses claires, l&rsquo;abdomen est large avec une expansion ventrale sous le S8 et il est marqu\u00e9 de points de part et d&rsquo;autre de la ligne m\u00e9diane sombre de la face dorsale.<br>On peut confondre les femelles avec celles de <a href=\"http:\/\/www.meslibellules.fr\/pagesweb\/libellulidae\/crocothemis\/erythraea\/crocothemis-erythraea-femelle-mature-1\/crocothemis-erythraea-femelle-mature-2big.jpg\">Crocothemis erythraea<\/a> : cette derni\u00e8re ne montre pas ces points pairs sur un abdomen <em>tr\u00e8s<\/em> large, n&rsquo;a pas d&rsquo;expansion ventrale sous S8, elle pr\u00e9sente un ovipositeur <em>tr\u00e8s saillant<\/em>, montre une zone claire entre les insertions alaires, et ne porte du gris que sur la partie post\u00e9rieure de ses yeux.<br>Mais elles sont surtout tr\u00e8s proches des femelles <a href=\"http:\/\/www.meslibellules.fr\/images\/libellulidae\/orthetrum\/coerulescens\/coerulescens_femelle1\/femelle1_big.jpg\">O. coerulescens<\/a> et elles sont tr\u00e8s difficiles \u00e0 s\u00e9parer sur photo : la <em><a href=\"http:\/\/www.meslibellules.fr\/pagesweb\/libellulidae\/orthetrum\/brunneum\/comparaison-ailes-orthetrum-brunneum-coerulescens-femelle.php\">nervation est essentielle<\/a><\/em> et on se basera sur les m\u00eames crit\u00e8res que pour les m\u00e2les. Les femelles O. coerulescens exhibent aussi des traits qui barrent la ligne noire longitudinale de l&rsquo;abdomen, plut\u00f4t que des points pour sa cousine. Il est plus difficile de les s\u00e9parer par la couleur de la face, m\u00eame si celle de O. brunneum est <em>en principe<\/em> plus claire.<\/p>\n\n\n\n<figure class=\"wp-block-image aligncenter size-full is-resized\"><a href=\"https:\/\/www.meslibellules.fr\/blog\/wp-content\/uploads\/Orthetrum-brunneum-femelle.webp\"><img decoding=\"async\" width=\"1287\" height=\"1204\" data-src=\"https:\/\/www.meslibellules.fr\/blog\/wp-content\/uploads\/Orthetrum-brunneum-femelle.webp\" alt=\"Orthetrum brunneum femelle, Lugan (France-81), 10\/07\/2022\" class=\"wp-image-13182 lazyload\" style=\"--smush-placeholder-width: 1287px; --smush-placeholder-aspect-ratio: 1287\/1204;width:502px;height:auto\" data-srcset=\"https:\/\/www.meslibellules.fr\/blog\/wp-content\/uploads\/Orthetrum-brunneum-femelle.webp 1287w, https:\/\/www.meslibellules.fr\/blog\/wp-content\/uploads\/Orthetrum-brunneum-femelle-768x718.webp 768w\" data-sizes=\"(max-width: 1287px) 100vw, 1287px\" src=\"data:image\/svg+xml;base64,PHN2ZyB3aWR0aD0iMSIgaGVpZ2h0PSIxIiB4bWxucz0iaHR0cDovL3d3dy53My5vcmcvMjAwMC9zdmciPjwvc3ZnPg==\" \/><\/a><figcaption class=\"wp-element-caption\">Orthetrum brunneum femelle, Lugan (France-81), 10\/07\/2022<\/figcaption><\/figure>\n\n\n\n<h5><span style=\"text-decoration: underline;\">Habitat &#8211; Distribution g\u00e9ographique<\/span><\/h5>\n\n\n\n<p>Il accepte une grande vari\u00e9t\u00e9 de milieux ; les petites rivi\u00e8res, les ruisseaux (premi\u00e8re photo), les foss\u00e9s, les drains, mais aussi les eaux stagnantes, mares ou \u00e9tangs d&rsquo;irrigation (photo de la femelle), pourvus que les berges ne soient pas trop envahies de v\u00e9g\u00e9tation.<br>Il est pr\u00e9sent dans tout le sud-ouest de l&rsquo;Europe (Southern skimmer, en anglais), absent du Royaume-Uni et de la Scandinavie. Il atteint le sud du Maghreb, il est de plus en plus rare en allant vers l&rsquo;est, \u00e0 travers la Turquie, l&rsquo;Iran, le Pakistan, jusqu&rsquo;en Mongolie, l&rsquo;est de la Chine et en Cor\u00e9e.<br>Il a \u00e9t\u00e9 observ\u00e9 \u00e0 plus de 2800 m.<br><a href=\"https:\/\/atlas-odonates.insectes.org\/odonates-de-france\/orthetrum-brunneum\" rel=\"nofollow\">Atlas dynamique des Odonates de France<\/a><br><a href=\"https:\/\/www.iucnredlist.org\/search?query=orthetrum%20brunneum&amp;searchType=species\">IUCN Red List<\/a><\/p>\n\n\n\n<h5><span style=\"text-decoration: underline;\">Comportement &#8211; Biologie<\/span><\/h5>\n\n\n\n<p>Les m\u00e2les se tiennent au sol ou se perchent bas pr\u00e8s de l&rsquo;eau, on peut trouver m\u00e2les et femelles ensemble sans qu&rsquo;il n&rsquo;y ait de comportement reproducteur. L&rsquo;accouplement est bref, moins de 5 minutes, le m\u00e2le capturant la femelle en vol avant de se poser sur le sol ou dans la v\u00e9g\u00e9tation. La ponte s&rsquo;ensuit, souvent sous la surveillance du m\u00e2le, la femelle tapotant la surface de l&rsquo;extr\u00e9mit\u00e9 de son abdomen, projetant des gouttes d&rsquo;eau avec ses \u0153ufs ; les expansions ventrales de son S8 sont sans doute l\u00e0 \u00e0 cet effet. <br>La phase larvaire compte 10 ou 11 stades et dure 2 \u00e0 3 ans.<\/p>\n\n\n\n<h5><span style=\"text-decoration: underline;\">P\u00e9riode de vol<\/span><\/h5>\n\n\n\n<p>De fin avril \u00e0 d\u00e9but novembre avec un pic d&rsquo;activit\u00e9 en plein \u00e9t\u00e9, surtout en juillet.<\/p>\n\n\n\n<h5><span style=\"text-decoration: underline;\">\u00c9tymologie<\/span><\/h5>\n\n\n\n<p>Orthetrum (1) vient de 2 mots grecs,&nbsp;<em>orthos<\/em>&nbsp;signifiant&nbsp;<em>droit<\/em>&nbsp;&nbsp;et&nbsp;<em>etron<\/em>&nbsp;<em>&nbsp;\u2013 abdomen<\/em>&nbsp;-, ceci pour signifier que les c\u00f4t\u00e9s de l\u2019abdomen sont parall\u00e8les. Ce nom de genre cr\u00e9\u00e9 par Newman en 1833 a perdu sa pertinence avec la d\u00e9couverte de nouvelles esp\u00e8ces, mais le nom est rest\u00e9.<br>Brunneum vient du latin tardif <em>brunneus<\/em> qui signifie brun\u2026 mais si on lit la description originale de Fonscolombe dans les <a href=\"https:\/\/www.biodiversitylibrary.org\/item\/34582#page\/146\/mode\/1up\">Annales de la Soci\u00e9t\u00e9 Entomologique de France<\/a> (tome 6, 1837, page 141) l&rsquo;auteur pr\u00e9cise qu&rsquo;il l&rsquo;a \u00ab\u00a0prise nouvellement n\u00e9e\u00a0\u00bb et bien s\u00fbr les Orthetrum brunneum immatures ont la couleur des femelles non pruineuses soit brun \/ jaune. CQFD. C&rsquo;est donc un pi\u00e8ge pour les n\u00e9ophytes, pi\u00e8ge repris dans le nom fran\u00e7ais, au m\u00eame titre que Libellula fulva qui a donn\u00e9 Libellule fauve en fran\u00e7ais, pour d\u00e9crire une esp\u00e8ce qui est bleue pour l&rsquo;abdomen.<\/p>\n\n\n\n<div class=\"wp-block-group is-content-justification-center is-layout-flex wp-container-core-group-is-layout-b02886af wp-block-group-is-layout-flex\">\n<div class=\"wp-block-buttons is-layout-flex wp-block-buttons-is-layout-flex\">\n<div class=\"wp-block-button\"><a class=\"wp-block-button__link wp-element-button\" href=\"http:\/\/www.meslibellules.fr\/pagesweb\/libellulidae\/orthetrum\/brunneum\/orthetrum-brunneum-male-immature-1.php\">M\u00e2le immature<\/a><\/div>\n<\/div>\n\n\n\n<div class=\"wp-block-buttons is-layout-flex wp-block-buttons-is-layout-flex\">\n<div class=\"wp-block-button\"><a class=\"wp-block-button__link wp-element-button\" href=\"http:\/\/www.meslibellules.fr\/pagesweb\/libellulidae\/orthetrum\/brunneum\/brunneum_male1.php\">M\u00e2le<\/a><\/div>\n<\/div>\n\n\n\n<div class=\"wp-block-buttons is-content-justification-center is-layout-flex wp-container-core-buttons-is-layout-a89b3969 wp-block-buttons-is-layout-flex\">\n<div class=\"wp-block-button\"><a class=\"wp-block-button__link wp-element-button\" href=\"http:\/\/www.meslibellules.fr\/pagesweb\/libellulidae\/orthetrum\/brunneum\/brunneum_femelle1.php\">Femelle<\/a><\/div>\n<\/div>\n\n\n\n<div class=\"wp-block-buttons is-content-justification-space-between is-layout-flex wp-container-core-buttons-is-layout-b2891da8 wp-block-buttons-is-layout-flex\">\n<div class=\"wp-block-button aligncenter\"><a class=\"wp-block-button__link wp-element-button\" href=\"http:\/\/www.meslibellules.fr\/pagesweb\/libellulidae\/orthetrum\/brunneum\/orthetrum-brunneum-accouplement-1.php\">Accouplement<\/a><\/div>\n<\/div>\n\n\n\n<div class=\"wp-block-buttons is-layout-flex wp-block-buttons-is-layout-flex\">\n<div class=\"wp-block-button\"><a class=\"wp-block-button__link wp-element-button\" href=\"http:\/\/www.meslibellules.fr\/pagesweb\/libellulidae\/orthetrum\/brunneum\/brunneum_ponte.php\">Ponte<\/a><\/div>\n<\/div>\n\n\n\n<div class=\"wp-block-buttons is-layout-flex wp-block-buttons-is-layout-flex\">\n<div class=\"wp-block-button\"><a class=\"wp-block-button__link wp-element-button\" href=\"http:\/\/www.meslibellules.fr\/pagesweb\/libellulidae\/orthetrum\/brunneum\/orthetrum-brunneum-curiosite.php\">Curiosit\u00e9s<\/a><\/div>\n<\/div>\n\n\n\n<div class=\"wp-block-buttons is-layout-flex wp-block-buttons-is-layout-flex\">\n<div class=\"wp-block-button\"><a class=\"wp-block-button__link wp-element-button\" href=\"https:\/\/www.meslibellules.fr\/blog\/2024\/08\/07\/comparer-orthetrum-coerulescens-et-orthetrum-brunneum\/\">O. coerulescens vs O. brunneum<\/a><\/div>\n<\/div>\n<\/div>\n\n\n\n<div style=\"height:38px\" aria-hidden=\"true\" class=\"wp-block-spacer\"><\/div>\n\n\n\n<p>-1- The Naming of Australia\u2019s Dragonflies, Ian Endersby &amp; Heinrich Fliedner, Busybird Publishing 2015<br>-2-&nbsp;<a href=\"https:\/\/www.lavieb-aile.com\/2019\/01\/zoonymie-des-odonates-les-noms-de-l-orthetrum-coerulescens.html\">Le Blog de Jean-Yves Cordier<\/a><\/p>\n","protected":false},"excerpt":{"rendered":"<p>Description &#8211; Identification Autant l&rsquo;avouer tout de suite, le m\u00e2le mature de l&rsquo;Orthetrum brunneum n&rsquo;est pas brun, mais bleu !Il mesure 41 \u00e0 49 mm de longueur totale, il est bleu pour le thorax et l&rsquo;abdomen, qui est aplati, sa face est claire avec des yeux bleu porcelaine, ses pattes presque noires, ses pt\u00e9rostigmas assez [&hellip;]<\/p>\n","protected":false},"author":1,"featured_media":0,"parent":0,"menu_order":0,"comment_status":"closed","ping_status":"closed","template":"","meta":{"site-sidebar-layout":"default","site-content-layout":"","ast-site-content-layout":"default","site-content-style":"default","site-sidebar-style":"default","ast-global-header-display":"","ast-banner-title-visibility":"","ast-main-header-display":"","ast-hfb-above-header-display":"","ast-hfb-below-header-display":"","ast-hfb-mobile-header-display":"","site-post-title":"","ast-breadcrumbs-content":"","ast-featured-img":"","footer-sml-layout":"","ast-disable-related-posts":"","theme-transparent-header-meta":"","adv-header-id-meta":"","stick-header-meta":"","header-above-stick-meta":"","header-main-stick-meta":"","header-below-stick-meta":"","astra-migrate-meta-layouts":"set","ast-page-background-enabled":"default","ast-page-background-meta":{"desktop":{"background-color":"var(--ast-global-color-4)","background-image":"","background-repeat":"repeat","background-position":"center center","background-size":"auto","background-attachment":"scroll","background-type":"","background-media":"","overlay-type":"","overlay-color":"","overlay-opacity":"","overlay-gradient":""},"tablet":{"background-color":"","background-image":"","background-repeat":"repeat","background-position":"center center","background-size":"auto","background-attachment":"scroll","background-type":"","background-media":"","overlay-type":"","overlay-color":"","overlay-opacity":"","overlay-gradient":""},"mobile":{"background-color":"","background-image":"","background-repeat":"repeat","background-position":"center center","background-size":"auto","background-attachment":"scroll","background-type":"","background-media":"","overlay-type":"","overlay-color":"","overlay-opacity":"","overlay-gradient":""}},"ast-content-background-meta":{"desktop":{"background-color":"var(--ast-global-color-5)","background-image":"","background-repeat":"repeat","background-position":"center center","background-size":"auto","background-attachment":"scroll","background-type":"","background-media":"","overlay-type":"","overlay-color":"","overlay-opacity":"","overlay-gradient":""},"tablet":{"background-color":"var(--ast-global-color-5)","background-image":"","background-repeat":"repeat","background-position":"center center","background-size":"auto","background-attachment":"scroll","background-type":"","background-media":"","overlay-type":"","overlay-color":"","overlay-opacity":"","overlay-gradient":""},"mobile":{"background-color":"var(--ast-global-color-5)","background-image":"","background-repeat":"repeat","background-position":"center center","background-size":"auto","background-attachment":"scroll","background-type":"","background-media":"","overlay-type":"","overlay-color":"","overlay-opacity":"","overlay-gradient":""}},"footnotes":""},"class_list":["post-13178","page","type-page","status-publish","hentry"],"yoast_head":"<!-- This site is optimized with the Yoast SEO plugin v27.5 - https:\/\/yoast.com\/product\/yoast-seo-wordpress\/ -->\n<title>Orthetrum brunneum - Mes Libellules<\/title>\n<meta name=\"description\" content=\"Orthetrum brunneum pr\u00e9sentation de l&#039;esp\u00e8ce,identification des m\u00e2les et des femelles, esp\u00e8ces proches, distribution, habitat, \u00e9tymologie\" \/>\n<meta name=\"robots\" content=\"index, follow, max-snippet:-1, max-image-preview:large, max-video-preview:-1\" \/>\n<link rel=\"canonical\" href=\"https:\/\/www.meslibellules.fr\/blog\/orthetrum-brunneum\/\" \/>\n<meta property=\"og:locale\" content=\"fr_FR\" \/>\n<meta property=\"og:type\" content=\"article\" \/>\n<meta property=\"og:title\" content=\"Orthetrum brunneum - Mes Libellules\" \/>\n<meta property=\"og:description\" content=\"Orthetrum brunneum pr\u00e9sentation de l&#039;esp\u00e8ce,identification des m\u00e2les et des femelles, esp\u00e8ces proches, distribution, habitat, \u00e9tymologie\" \/>\n<meta property=\"og:url\" content=\"https:\/\/www.meslibellules.fr\/blog\/orthetrum-brunneum\/\" \/>\n<meta property=\"og:site_name\" content=\"Mes Libellules\" \/>\n<meta property=\"article:publisher\" content=\"https:\/\/www.facebook.com\/benoit.guillon.96\/\" \/>\n<meta property=\"article:modified_time\" content=\"2024-08-07T07:29:59+00:00\" \/>\n<meta property=\"og:image\" content=\"https:\/\/www.meslibellules.fr\/blog\/wp-content\/uploads\/Orthetrum-brunneum-male.webp\" \/>\n<meta name=\"twitter:card\" content=\"summary_large_image\" \/>\n<meta name=\"twitter:label1\" content=\"Dur\u00e9e de lecture estim\u00e9e\" \/>\n\t<meta name=\"twitter:data1\" content=\"5 minutes\" \/>\n<script type=\"application\/ld+json\" class=\"yoast-schema-graph\">{\"@context\":\"https:\\\/\\\/schema.org\",\"@graph\":[{\"@type\":\"WebPage\",\"@id\":\"https:\\\/\\\/www.meslibellules.fr\\\/blog\\\/orthetrum-brunneum\\\/\",\"url\":\"https:\\\/\\\/www.meslibellules.fr\\\/blog\\\/orthetrum-brunneum\\\/\",\"name\":\"Orthetrum brunneum - Mes Libellules\",\"isPartOf\":{\"@id\":\"https:\\\/\\\/www.meslibellules.fr\\\/blog\\\/#website\"},\"primaryImageOfPage\":{\"@id\":\"https:\\\/\\\/www.meslibellules.fr\\\/blog\\\/orthetrum-brunneum\\\/#primaryimage\"},\"image\":{\"@id\":\"https:\\\/\\\/www.meslibellules.fr\\\/blog\\\/orthetrum-brunneum\\\/#primaryimage\"},\"thumbnailUrl\":\"https:\\\/\\\/www.meslibellules.fr\\\/blog\\\/wp-content\\\/uploads\\\/Orthetrum-brunneum-male.webp\",\"datePublished\":\"2023-02-14T08:12:19+00:00\",\"dateModified\":\"2024-08-07T07:29:59+00:00\",\"description\":\"Orthetrum brunneum pr\u00e9sentation de l'esp\u00e8ce,identification des m\u00e2les et des femelles, esp\u00e8ces proches, distribution, habitat, \u00e9tymologie\",\"breadcrumb\":{\"@id\":\"https:\\\/\\\/www.meslibellules.fr\\\/blog\\\/orthetrum-brunneum\\\/#breadcrumb\"},\"inLanguage\":\"fr-FR\",\"potentialAction\":[{\"@type\":\"ReadAction\",\"target\":[\"https:\\\/\\\/www.meslibellules.fr\\\/blog\\\/orthetrum-brunneum\\\/\"]}]},{\"@type\":\"ImageObject\",\"inLanguage\":\"fr-FR\",\"@id\":\"https:\\\/\\\/www.meslibellules.fr\\\/blog\\\/orthetrum-brunneum\\\/#primaryimage\",\"url\":\"https:\\\/\\\/www.meslibellules.fr\\\/blog\\\/wp-content\\\/uploads\\\/Orthetrum-brunneum-male.webp\",\"contentUrl\":\"https:\\\/\\\/www.meslibellules.fr\\\/blog\\\/wp-content\\\/uploads\\\/Orthetrum-brunneum-male.webp\",\"width\":1975,\"height\":1204,\"caption\":\"Orthetrum brunneum femelle, Sort-en-Chalosse (France-40), 04\\\/07\\\/2020\"},{\"@type\":\"BreadcrumbList\",\"@id\":\"https:\\\/\\\/www.meslibellules.fr\\\/blog\\\/orthetrum-brunneum\\\/#breadcrumb\",\"itemListElement\":[{\"@type\":\"ListItem\",\"position\":1,\"name\":\"Accueil\",\"item\":\"https:\\\/\\\/www.meslibellules.fr\\\/blog\\\/\"},{\"@type\":\"ListItem\",\"position\":2,\"name\":\"Orthetrum brunneum (Fonscolombe, 1837)\"}]},{\"@type\":\"WebSite\",\"@id\":\"https:\\\/\\\/www.meslibellules.fr\\\/blog\\\/#website\",\"url\":\"https:\\\/\\\/www.meslibellules.fr\\\/blog\\\/\",\"name\":\"Mes Libellules\",\"description\":\"Pr\u00e9sentation des libellules rencontr\u00e9es dans le monde\",\"publisher\":{\"@id\":\"https:\\\/\\\/www.meslibellules.fr\\\/blog\\\/#\\\/schema\\\/person\\\/9aa3586f9dd053fcf329f43b8b053c77\"},\"potentialAction\":[{\"@type\":\"SearchAction\",\"target\":{\"@type\":\"EntryPoint\",\"urlTemplate\":\"https:\\\/\\\/www.meslibellules.fr\\\/blog\\\/?s={search_term_string}\"},\"query-input\":{\"@type\":\"PropertyValueSpecification\",\"valueRequired\":true,\"valueName\":\"search_term_string\"}}],\"inLanguage\":\"fr-FR\"},{\"@type\":[\"Person\",\"Organization\"],\"@id\":\"https:\\\/\\\/www.meslibellules.fr\\\/blog\\\/#\\\/schema\\\/person\\\/9aa3586f9dd053fcf329f43b8b053c77\",\"name\":\"Beno\u00eet Guillon\",\"image\":{\"@type\":\"ImageObject\",\"inLanguage\":\"fr-FR\",\"@id\":\"https:\\\/\\\/www.meslibellules.fr\\\/blog\\\/wp-content\\\/uploads\\\/cropped-avatar-150-pix.jpg\",\"url\":\"https:\\\/\\\/www.meslibellules.fr\\\/blog\\\/wp-content\\\/uploads\\\/cropped-avatar-150-pix.jpg\",\"contentUrl\":\"https:\\\/\\\/www.meslibellules.fr\\\/blog\\\/wp-content\\\/uploads\\\/cropped-avatar-150-pix.jpg\",\"width\":150,\"height\":137,\"caption\":\"Beno\u00eet Guillon\"},\"logo\":{\"@id\":\"https:\\\/\\\/www.meslibellules.fr\\\/blog\\\/wp-content\\\/uploads\\\/cropped-avatar-150-pix.jpg\"},\"sameAs\":[\"https:\\\/\\\/www.facebook.com\\\/benoit.guillon.96\\\/\"]}]}<\/script>\n<!-- \/ Yoast SEO plugin. -->","yoast_head_json":{"title":"Orthetrum brunneum - Mes Libellules","description":"Orthetrum brunneum pr\u00e9sentation de l'esp\u00e8ce,identification des m\u00e2les et des femelles, esp\u00e8ces proches, distribution, habitat, \u00e9tymologie","robots":{"index":"index","follow":"follow","max-snippet":"max-snippet:-1","max-image-preview":"max-image-preview:large","max-video-preview":"max-video-preview:-1"},"canonical":"https:\/\/www.meslibellules.fr\/blog\/orthetrum-brunneum\/","og_locale":"fr_FR","og_type":"article","og_title":"Orthetrum brunneum - Mes Libellules","og_description":"Orthetrum brunneum pr\u00e9sentation de l'esp\u00e8ce,identification des m\u00e2les et des femelles, esp\u00e8ces proches, distribution, habitat, \u00e9tymologie","og_url":"https:\/\/www.meslibellules.fr\/blog\/orthetrum-brunneum\/","og_site_name":"Mes Libellules","article_publisher":"https:\/\/www.facebook.com\/benoit.guillon.96\/","article_modified_time":"2024-08-07T07:29:59+00:00","og_image":[{"url":"https:\/\/www.meslibellules.fr\/blog\/wp-content\/uploads\/Orthetrum-brunneum-male.webp","type":"","width":"","height":""}],"twitter_card":"summary_large_image","twitter_misc":{"Dur\u00e9e de lecture estim\u00e9e":"5 minutes"},"schema":{"@context":"https:\/\/schema.org","@graph":[{"@type":"WebPage","@id":"https:\/\/www.meslibellules.fr\/blog\/orthetrum-brunneum\/","url":"https:\/\/www.meslibellules.fr\/blog\/orthetrum-brunneum\/","name":"Orthetrum brunneum - Mes Libellules","isPartOf":{"@id":"https:\/\/www.meslibellules.fr\/blog\/#website"},"primaryImageOfPage":{"@id":"https:\/\/www.meslibellules.fr\/blog\/orthetrum-brunneum\/#primaryimage"},"image":{"@id":"https:\/\/www.meslibellules.fr\/blog\/orthetrum-brunneum\/#primaryimage"},"thumbnailUrl":"https:\/\/www.meslibellules.fr\/blog\/wp-content\/uploads\/Orthetrum-brunneum-male.webp","datePublished":"2023-02-14T08:12:19+00:00","dateModified":"2024-08-07T07:29:59+00:00","description":"Orthetrum brunneum pr\u00e9sentation de l'esp\u00e8ce,identification des m\u00e2les et des femelles, esp\u00e8ces proches, distribution, habitat, \u00e9tymologie","breadcrumb":{"@id":"https:\/\/www.meslibellules.fr\/blog\/orthetrum-brunneum\/#breadcrumb"},"inLanguage":"fr-FR","potentialAction":[{"@type":"ReadAction","target":["https:\/\/www.meslibellules.fr\/blog\/orthetrum-brunneum\/"]}]},{"@type":"ImageObject","inLanguage":"fr-FR","@id":"https:\/\/www.meslibellules.fr\/blog\/orthetrum-brunneum\/#primaryimage","url":"https:\/\/www.meslibellules.fr\/blog\/wp-content\/uploads\/Orthetrum-brunneum-male.webp","contentUrl":"https:\/\/www.meslibellules.fr\/blog\/wp-content\/uploads\/Orthetrum-brunneum-male.webp","width":1975,"height":1204,"caption":"Orthetrum brunneum femelle, Sort-en-Chalosse (France-40), 04\/07\/2020"},{"@type":"BreadcrumbList","@id":"https:\/\/www.meslibellules.fr\/blog\/orthetrum-brunneum\/#breadcrumb","itemListElement":[{"@type":"ListItem","position":1,"name":"Accueil","item":"https:\/\/www.meslibellules.fr\/blog\/"},{"@type":"ListItem","position":2,"name":"Orthetrum brunneum (Fonscolombe, 1837)"}]},{"@type":"WebSite","@id":"https:\/\/www.meslibellules.fr\/blog\/#website","url":"https:\/\/www.meslibellules.fr\/blog\/","name":"Mes Libellules","description":"Pr\u00e9sentation des libellules rencontr\u00e9es dans le monde","publisher":{"@id":"https:\/\/www.meslibellules.fr\/blog\/#\/schema\/person\/9aa3586f9dd053fcf329f43b8b053c77"},"potentialAction":[{"@type":"SearchAction","target":{"@type":"EntryPoint","urlTemplate":"https:\/\/www.meslibellules.fr\/blog\/?s={search_term_string}"},"query-input":{"@type":"PropertyValueSpecification","valueRequired":true,"valueName":"search_term_string"}}],"inLanguage":"fr-FR"},{"@type":["Person","Organization"],"@id":"https:\/\/www.meslibellules.fr\/blog\/#\/schema\/person\/9aa3586f9dd053fcf329f43b8b053c77","name":"Beno\u00eet Guillon","image":{"@type":"ImageObject","inLanguage":"fr-FR","@id":"https:\/\/www.meslibellules.fr\/blog\/wp-content\/uploads\/cropped-avatar-150-pix.jpg","url":"https:\/\/www.meslibellules.fr\/blog\/wp-content\/uploads\/cropped-avatar-150-pix.jpg","contentUrl":"https:\/\/www.meslibellules.fr\/blog\/wp-content\/uploads\/cropped-avatar-150-pix.jpg","width":150,"height":137,"caption":"Beno\u00eet Guillon"},"logo":{"@id":"https:\/\/www.meslibellules.fr\/blog\/wp-content\/uploads\/cropped-avatar-150-pix.jpg"},"sameAs":["https:\/\/www.facebook.com\/benoit.guillon.96\/"]}]}},"_links":{"self":[{"href":"https:\/\/www.meslibellules.fr\/blog\/wp-json\/wp\/v2\/pages\/13178","targetHints":{"allow":["GET"]}}],"collection":[{"href":"https:\/\/www.meslibellules.fr\/blog\/wp-json\/wp\/v2\/pages"}],"about":[{"href":"https:\/\/www.meslibellules.fr\/blog\/wp-json\/wp\/v2\/types\/page"}],"author":[{"embeddable":true,"href":"https:\/\/www.meslibellules.fr\/blog\/wp-json\/wp\/v2\/users\/1"}],"replies":[{"embeddable":true,"href":"https:\/\/www.meslibellules.fr\/blog\/wp-json\/wp\/v2\/comments?post=13178"}],"version-history":[{"count":0,"href":"https:\/\/www.meslibellules.fr\/blog\/wp-json\/wp\/v2\/pages\/13178\/revisions"}],"wp:attachment":[{"href":"https:\/\/www.meslibellules.fr\/blog\/wp-json\/wp\/v2\/media?parent=13178"}],"curies":[{"name":"wp","href":"https:\/\/api.w.org\/{rel}","templated":true}]}}