{"id":22605,"date":"2024-11-16T19:34:28","date_gmt":"2024-11-16T18:34:28","guid":{"rendered":"https:\/\/www.meslibellules.fr\/blog\/?page_id=22605"},"modified":"2025-03-17T14:32:39","modified_gmt":"2025-03-17T13:32:39","slug":"libellules-de-cuba","status":"publish","type":"page","link":"https:\/\/www.meslibellules.fr\/blog\/libellules-de-cuba\/","title":{"rendered":"Libellules de Cuba"},"content":{"rendered":"\n<p>Libellules de Cuba<br>Une quinzaine de jours d&rsquo;un voyage touristique, plut\u00f4t \u00ab\u00a0culturel\u00a0\u00bb, \u00e0 Cuba, en novembre, m&rsquo;ont permis de rencontrer une petite quinzaine d&rsquo;odonates, dont quelques esp\u00e8ces que je ne connaissais pas encore. Ce nombre est tr\u00e8s d\u00e9cevant, et j&rsquo;ai compris \u00e0 posteriori ce que l&rsquo;on m&rsquo;avait dit avant mon d\u00e9part : \u00ab\u00a0que les odonates de Cuba se m\u00e9ritent\u00a0\u00bb.<br>Une esp\u00e8ce est particuli\u00e8rement remarquable, un Orthemis rouge ressemblant \u00e0 O. ferruginea ou \u00e0 O. discolor, qui est connu depuis (tr\u00e8s) longtemps et que personne n&rsquo;a encore pris la peine de d\u00e9crire de fa\u00e7on formelle.<br><br>Malgr\u00e9 une nature tropicale, j&rsquo;ai approch\u00e9 tr\u00e8s peu de cours d&rsquo;eau ou de pi\u00e8ces d&rsquo;eau ; il faut certainement s&rsquo;avancer dans le Cuba rural, dans le centre du pays, celui que les autorit\u00e9s ne tiennent pas \u00e0 montrer, dans un pays tristement en voie d&rsquo;appauvrissement acc\u00e9l\u00e9r\u00e9.<br><br>Le nombre d&rsquo;esp\u00e8ces connues en 2018 s&rsquo;\u00e9levait \u00e0 88, je n&rsquo;ai pas trouv\u00e9 de liste plus r\u00e9cente que celle qui figure dans ce document : <a href=\"https:\/\/www.researchgate.net\/profile\/Yusdiel-Torres-Cambas\/publication\/329758950_Las_libelulas_de_Cuba_una_actualizacion_taxonomica_10_anos_despues\/links\/5c1bf9f7458515a4c7eda778\/Las-libelulas-de-Cuba-una-actualizacion-taxonomica-10-anos-despues.pdf\">Las lib\u00e9lulas de Cuba: una actualizaci\u00f3n taxon\u00f3mica 10 a\u00f1os despu\u00e9s<\/a>.<\/p>\n\n\n\n<figure class=\"wp-block-gallery aligncenter has-nested-images columns-default is-cropped wp-block-gallery-1 is-layout-flex wp-block-gallery-is-layout-flex\">\n<figure class=\"wp-block-image size-full\"><a href=\"https:\/\/www.meslibellules.fr\/blog\/wp-content\/uploads\/Cuba-dans-le-monde.webp\"><img decoding=\"async\" width=\"866\" height=\"768\" data-id=\"22619\" data-src=\"https:\/\/www.meslibellules.fr\/blog\/wp-content\/uploads\/Cuba-dans-le-monde.webp\" alt=\"Situation g\u00e9ographique de Cuba\" class=\"wp-image-22619 lazyload\" data-srcset=\"https:\/\/www.meslibellules.fr\/blog\/wp-content\/uploads\/Cuba-dans-le-monde.webp 866w, https:\/\/www.meslibellules.fr\/blog\/wp-content\/uploads\/Cuba-dans-le-monde-768x681.webp 768w\" data-sizes=\"(max-width: 866px) 100vw, 866px\" src=\"data:image\/svg+xml;base64,PHN2ZyB3aWR0aD0iMSIgaGVpZ2h0PSIxIiB4bWxucz0iaHR0cDovL3d3dy53My5vcmcvMjAwMC9zdmciPjwvc3ZnPg==\" style=\"--smush-placeholder-width: 866px; --smush-placeholder-aspect-ratio: 866\/768;\" \/><\/a><\/figure>\n\n\n\n<figure class=\"wp-block-image alignright size-full\"><a href=\"https:\/\/www.meslibellules.fr\/blog\/wp-content\/uploads\/Cuba-1.webp\"><img decoding=\"async\" width=\"735\" height=\"659\" data-id=\"22621\" data-src=\"https:\/\/www.meslibellules.fr\/blog\/wp-content\/uploads\/Cuba-1.webp\" alt=\"Cuba\" class=\"wp-image-22621 lazyload\" src=\"data:image\/svg+xml;base64,PHN2ZyB3aWR0aD0iMSIgaGVpZ2h0PSIxIiB4bWxucz0iaHR0cDovL3d3dy53My5vcmcvMjAwMC9zdmciPjwvc3ZnPg==\" style=\"--smush-placeholder-width: 735px; --smush-placeholder-aspect-ratio: 735\/659;\" \/><\/a><\/figure>\n<\/figure>\n\n\n\n<div style=\"height:28px\" aria-hidden=\"true\" class=\"wp-block-spacer\"><\/div>\n\n\n\n<div class=\"wp-block-columns is-layout-flex wp-container-core-columns-is-layout-28f84493 wp-block-columns-is-layout-flex\">\n<div class=\"wp-block-column is-layout-flow wp-block-column-is-layout-flow\">\n<figure class=\"wp-block-table\"><table class=\"has-fixed-layout\"><tbody><tr><td><strong>Coenagrionidae<\/strong><\/td><td><\/td><\/tr><tr><td>Enallagma cardenium                                        <\/td><td><a href=\"https:\/\/www.meslibellules.fr\/blog\/2024\/11\/21\/enallagma-cardenium\/\">\u25ba<\/a><\/td><\/tr><tr><td>Ischnura hastata<\/td><td><a href=\"https:\/\/www.meslibellules.fr\/blog\/2024\/11\/24\/ischnura-hastata\/\">\u25ba<\/a><\/td><\/tr><tr><td>Ischnura ramburii<\/td><td><\/td><\/tr><tr><td><strong>Libellulidae<\/strong><\/td><td><\/td><\/tr><tr><td>Crocothemis servilia<\/td><td><a href=\"https:\/\/www.meslibellules.fr\/blog\/2025\/03\/17\/cuba-crocothemis-servilia-male\/\">\u25ba<\/a><\/td><\/tr><tr><td>Dythemis rufinervis<\/td><td>                     <a href=\"https:\/\/www.meslibellules.fr\/blog\/2024\/11\/16\/dythemis-rufinervis\/\">\u25ba<\/a><\/td><\/tr><tr><td>Dythemis sterilis<\/td><td>                     <a href=\"https:\/\/www.meslibellules.fr\/blog\/2024\/11\/19\/dythemis-sterilis\/\">\u25ba<\/a><\/td><\/tr><tr><td>Erythemis simplicicollis<\/td><td><a href=\"https:\/\/www.meslibellules.fr\/blog\/2024\/11\/22\/erythemis-simplicicollis\/\">\u25ba<\/a><\/td><\/tr><\/tbody><\/table><\/figure>\n<\/div>\n\n\n\n<div class=\"wp-block-column is-layout-flow wp-block-column-is-layout-flow\">\n<figure class=\"wp-block-table alignleft\"><table class=\"has-fixed-layout\"><tbody><tr><td><strong>Libellulidae (suite)<\/strong><\/td><td><\/td><\/tr><tr><td>Erythemis vesiculosa<\/td><td><\/td><\/tr><tr><td>Erythrodiplax fervida<\/td><td><\/td><\/tr><tr><td>Erythrodiplax justiniana<\/td><td>                  <a href=\"https:\/\/www.meslibellules.fr\/blog\/2024\/11\/17\/erythrodiplax-justiniana\/\">\u25ba<\/a><\/td><\/tr><tr><td>Erythrodiplax umbrata<\/td><td><\/td><\/tr><tr><td>Orthemis ferruginea<\/td><td><\/td><\/tr><tr><td>Orthemis sp. , Antillean skimmer<\/td><td><a href=\"https:\/\/www.meslibellules.fr\/blog\/2025\/03\/15\/antillean-skimmer\/\">\u25ba<\/a><\/td><\/tr><tr><td>Pantala flavescens<\/td><td><\/td><\/tr><\/tbody><\/table><\/figure>\n<\/div>\n<\/div>\n\n\n\n<div style=\"height:100px\" aria-hidden=\"true\" class=\"wp-block-spacer\"><\/div>\n\n\n\n<p>Libellules de Cuba : page en construction en novembre 2024.<br>Certaines esp\u00e8ces ne seront pas illustr\u00e9es dans l&rsquo;imm\u00e9diat, elles sont d\u00e9j\u00e0 pr\u00e9sentes sur le site, dans un autre pays.<\/p>\n","protected":false},"excerpt":{"rendered":"<p>Libellules de CubaUne quinzaine de jours d&rsquo;un voyage touristique, plut\u00f4t \u00ab\u00a0culturel\u00a0\u00bb, \u00e0 Cuba, en novembre, m&rsquo;ont permis de rencontrer une petite quinzaine d&rsquo;odonates, dont quelques esp\u00e8ces que je ne connaissais pas encore. Ce nombre est tr\u00e8s d\u00e9cevant, et j&rsquo;ai compris \u00e0 posteriori ce que l&rsquo;on m&rsquo;avait dit avant mon d\u00e9part : \u00ab\u00a0que les odonates de [&hellip;]<\/p>\n","protected":false},"author":1,"featured_media":0,"parent":0,"menu_order":0,"comment_status":"closed","ping_status":"closed","template":"","meta":{"site-sidebar-layout":"default","site-content-layout":"","ast-site-content-layout":"default","site-content-style":"default","site-sidebar-style":"default","ast-global-header-display":"","ast-banner-title-visibility":"","ast-main-header-display":"","ast-hfb-above-header-display":"","ast-hfb-below-header-display":"","ast-hfb-mobile-header-display":"","site-post-title":"","ast-breadcrumbs-content":"","ast-featured-img":"","footer-sml-layout":"","ast-disable-related-posts":"","theme-transparent-header-meta":"","adv-header-id-meta":"","stick-header-meta":"","header-above-stick-meta":"","header-main-stick-meta":"","header-below-stick-meta":"","astra-migrate-meta-layouts":"set","ast-page-background-enabled":"default","ast-page-background-meta":{"desktop":{"background-color":"var(--ast-global-color-4)","background-image":"","background-repeat":"repeat","background-position":"center center","background-size":"auto","background-attachment":"scroll","background-type":"","background-media":"","overlay-type":"","overlay-color":"","overlay-opacity":"","overlay-gradient":""},"tablet":{"background-color":"","background-image":"","background-repeat":"repeat","background-position":"center center","background-size":"auto","background-attachment":"scroll","background-type":"","background-media":"","overlay-type":"","overlay-color":"","overlay-opacity":"","overlay-gradient":""},"mobile":{"background-color":"","background-image":"","background-repeat":"repeat","background-position":"center center","background-size":"auto","background-attachment":"scroll","background-type":"","background-media":"","overlay-type":"","overlay-color":"","overlay-opacity":"","overlay-gradient":""}},"ast-content-background-meta":{"desktop":{"background-color":"var(--ast-global-color-5)","background-image":"","background-repeat":"repeat","background-position":"center center","background-size":"auto","background-attachment":"scroll","background-type":"","background-media":"","overlay-type":"","overlay-color":"","overlay-opacity":"","overlay-gradient":""},"tablet":{"background-color":"var(--ast-global-color-5)","background-image":"","background-repeat":"repeat","background-position":"center center","background-size":"auto","background-attachment":"scroll","background-type":"","background-media":"","overlay-type":"","overlay-color":"","overlay-opacity":"","overlay-gradient":""},"mobile":{"background-color":"var(--ast-global-color-5)","background-image":"","background-repeat":"repeat","background-position":"center center","background-size":"auto","background-attachment":"scroll","background-type":"","background-media":"","overlay-type":"","overlay-color":"","overlay-opacity":"","overlay-gradient":""}},"footnotes":""},"class_list":["post-22605","page","type-page","status-publish","hentry"],"yoast_head":"<!-- This site is optimized with the Yoast SEO plugin v27.5 - https:\/\/yoast.com\/product\/yoast-seo-wordpress\/ -->\n<title>Libellules de Cuba - Mes Libellules<\/title>\n<meta name=\"description\" content=\"Libellules de Cuba : odonates rencontr\u00e9s \u00e0 Cuba, photos, d\u00e9tails d&#039;identification, taille, biotope, distribution g\u00e9ographique et \u00e9tymologie.\" \/>\n<meta name=\"robots\" content=\"index, follow, max-snippet:-1, max-image-preview:large, max-video-preview:-1\" \/>\n<link rel=\"canonical\" href=\"https:\/\/www.meslibellules.fr\/blog\/libellules-de-cuba\/\" \/>\n<meta property=\"og:locale\" content=\"fr_FR\" \/>\n<meta property=\"og:type\" content=\"article\" \/>\n<meta property=\"og:title\" content=\"Libellules de Cuba - Mes Libellules\" \/>\n<meta property=\"og:description\" content=\"Libellules de Cuba : odonates rencontr\u00e9s \u00e0 Cuba, photos, d\u00e9tails d&#039;identification, taille, biotope, distribution g\u00e9ographique et \u00e9tymologie.\" \/>\n<meta property=\"og:url\" content=\"https:\/\/www.meslibellules.fr\/blog\/libellules-de-cuba\/\" \/>\n<meta property=\"og:site_name\" content=\"Mes Libellules\" \/>\n<meta property=\"article:publisher\" content=\"https:\/\/www.facebook.com\/benoit.guillon.96\/\" \/>\n<meta property=\"article:modified_time\" content=\"2025-03-17T13:32:39+00:00\" \/>\n<meta property=\"og:image\" content=\"https:\/\/www.meslibellules.fr\/blog\/wp-content\/uploads\/Cuba-dans-le-monde.webp\" \/>\n\t<meta property=\"og:image:width\" content=\"866\" \/>\n\t<meta property=\"og:image:height\" content=\"768\" \/>\n\t<meta property=\"og:image:type\" content=\"image\/webp\" \/>\n<meta name=\"twitter:card\" content=\"summary_large_image\" \/>\n<meta name=\"twitter:label1\" content=\"Dur\u00e9e de lecture estim\u00e9e\" \/>\n\t<meta name=\"twitter:data1\" content=\"2 minutes\" \/>\n<script type=\"application\/ld+json\" class=\"yoast-schema-graph\">{\"@context\":\"https:\\\/\\\/schema.org\",\"@graph\":[{\"@type\":\"WebPage\",\"@id\":\"https:\\\/\\\/www.meslibellules.fr\\\/blog\\\/libellules-de-cuba\\\/\",\"url\":\"https:\\\/\\\/www.meslibellules.fr\\\/blog\\\/libellules-de-cuba\\\/\",\"name\":\"Libellules de Cuba - Mes Libellules\",\"isPartOf\":{\"@id\":\"https:\\\/\\\/www.meslibellules.fr\\\/blog\\\/#website\"},\"primaryImageOfPage\":{\"@id\":\"https:\\\/\\\/www.meslibellules.fr\\\/blog\\\/libellules-de-cuba\\\/#primaryimage\"},\"image\":{\"@id\":\"https:\\\/\\\/www.meslibellules.fr\\\/blog\\\/libellules-de-cuba\\\/#primaryimage\"},\"thumbnailUrl\":\"https:\\\/\\\/www.meslibellules.fr\\\/blog\\\/wp-content\\\/uploads\\\/Cuba-dans-le-monde.webp\",\"datePublished\":\"2024-11-16T18:34:28+00:00\",\"dateModified\":\"2025-03-17T13:32:39+00:00\",\"description\":\"Libellules de Cuba : odonates rencontr\u00e9s \u00e0 Cuba, photos, d\u00e9tails d'identification, taille, biotope, distribution g\u00e9ographique et \u00e9tymologie.\",\"breadcrumb\":{\"@id\":\"https:\\\/\\\/www.meslibellules.fr\\\/blog\\\/libellules-de-cuba\\\/#breadcrumb\"},\"inLanguage\":\"fr-FR\",\"potentialAction\":[{\"@type\":\"ReadAction\",\"target\":[\"https:\\\/\\\/www.meslibellules.fr\\\/blog\\\/libellules-de-cuba\\\/\"]}]},{\"@type\":\"ImageObject\",\"inLanguage\":\"fr-FR\",\"@id\":\"https:\\\/\\\/www.meslibellules.fr\\\/blog\\\/libellules-de-cuba\\\/#primaryimage\",\"url\":\"https:\\\/\\\/www.meslibellules.fr\\\/blog\\\/wp-content\\\/uploads\\\/Cuba-dans-le-monde.webp\",\"contentUrl\":\"https:\\\/\\\/www.meslibellules.fr\\\/blog\\\/wp-content\\\/uploads\\\/Cuba-dans-le-monde.webp\"},{\"@type\":\"BreadcrumbList\",\"@id\":\"https:\\\/\\\/www.meslibellules.fr\\\/blog\\\/libellules-de-cuba\\\/#breadcrumb\",\"itemListElement\":[{\"@type\":\"ListItem\",\"position\":1,\"name\":\"Accueil\",\"item\":\"https:\\\/\\\/www.meslibellules.fr\\\/blog\\\/\"},{\"@type\":\"ListItem\",\"position\":2,\"name\":\"Libellules de Cuba\"}]},{\"@type\":\"WebSite\",\"@id\":\"https:\\\/\\\/www.meslibellules.fr\\\/blog\\\/#website\",\"url\":\"https:\\\/\\\/www.meslibellules.fr\\\/blog\\\/\",\"name\":\"Mes Libellules\",\"description\":\"Pr\u00e9sentation des libellules rencontr\u00e9es dans le monde\",\"publisher\":{\"@id\":\"https:\\\/\\\/www.meslibellules.fr\\\/blog\\\/#\\\/schema\\\/person\\\/9aa3586f9dd053fcf329f43b8b053c77\"},\"potentialAction\":[{\"@type\":\"SearchAction\",\"target\":{\"@type\":\"EntryPoint\",\"urlTemplate\":\"https:\\\/\\\/www.meslibellules.fr\\\/blog\\\/?s={search_term_string}\"},\"query-input\":{\"@type\":\"PropertyValueSpecification\",\"valueRequired\":true,\"valueName\":\"search_term_string\"}}],\"inLanguage\":\"fr-FR\"},{\"@type\":[\"Person\",\"Organization\"],\"@id\":\"https:\\\/\\\/www.meslibellules.fr\\\/blog\\\/#\\\/schema\\\/person\\\/9aa3586f9dd053fcf329f43b8b053c77\",\"name\":\"Beno\u00eet Guillon\",\"image\":{\"@type\":\"ImageObject\",\"inLanguage\":\"fr-FR\",\"@id\":\"https:\\\/\\\/www.meslibellules.fr\\\/blog\\\/wp-content\\\/uploads\\\/cropped-avatar-150-pix.jpg\",\"url\":\"https:\\\/\\\/www.meslibellules.fr\\\/blog\\\/wp-content\\\/uploads\\\/cropped-avatar-150-pix.jpg\",\"contentUrl\":\"https:\\\/\\\/www.meslibellules.fr\\\/blog\\\/wp-content\\\/uploads\\\/cropped-avatar-150-pix.jpg\",\"width\":150,\"height\":137,\"caption\":\"Beno\u00eet Guillon\"},\"logo\":{\"@id\":\"https:\\\/\\\/www.meslibellules.fr\\\/blog\\\/wp-content\\\/uploads\\\/cropped-avatar-150-pix.jpg\"},\"sameAs\":[\"https:\\\/\\\/www.facebook.com\\\/benoit.guillon.96\\\/\"]}]}<\/script>\n<!-- \/ Yoast SEO plugin. -->","yoast_head_json":{"title":"Libellules de Cuba - Mes Libellules","description":"Libellules de Cuba : odonates rencontr\u00e9s \u00e0 Cuba, photos, d\u00e9tails d'identification, taille, biotope, distribution g\u00e9ographique et \u00e9tymologie.","robots":{"index":"index","follow":"follow","max-snippet":"max-snippet:-1","max-image-preview":"max-image-preview:large","max-video-preview":"max-video-preview:-1"},"canonical":"https:\/\/www.meslibellules.fr\/blog\/libellules-de-cuba\/","og_locale":"fr_FR","og_type":"article","og_title":"Libellules de Cuba - Mes Libellules","og_description":"Libellules de Cuba : odonates rencontr\u00e9s \u00e0 Cuba, photos, d\u00e9tails d'identification, taille, biotope, distribution g\u00e9ographique et \u00e9tymologie.","og_url":"https:\/\/www.meslibellules.fr\/blog\/libellules-de-cuba\/","og_site_name":"Mes Libellules","article_publisher":"https:\/\/www.facebook.com\/benoit.guillon.96\/","article_modified_time":"2025-03-17T13:32:39+00:00","og_image":[{"width":866,"height":768,"url":"https:\/\/www.meslibellules.fr\/blog\/wp-content\/uploads\/Cuba-dans-le-monde.webp","type":"image\/webp"}],"twitter_card":"summary_large_image","twitter_misc":{"Dur\u00e9e de lecture estim\u00e9e":"2 minutes"},"schema":{"@context":"https:\/\/schema.org","@graph":[{"@type":"WebPage","@id":"https:\/\/www.meslibellules.fr\/blog\/libellules-de-cuba\/","url":"https:\/\/www.meslibellules.fr\/blog\/libellules-de-cuba\/","name":"Libellules de Cuba - Mes Libellules","isPartOf":{"@id":"https:\/\/www.meslibellules.fr\/blog\/#website"},"primaryImageOfPage":{"@id":"https:\/\/www.meslibellules.fr\/blog\/libellules-de-cuba\/#primaryimage"},"image":{"@id":"https:\/\/www.meslibellules.fr\/blog\/libellules-de-cuba\/#primaryimage"},"thumbnailUrl":"https:\/\/www.meslibellules.fr\/blog\/wp-content\/uploads\/Cuba-dans-le-monde.webp","datePublished":"2024-11-16T18:34:28+00:00","dateModified":"2025-03-17T13:32:39+00:00","description":"Libellules de Cuba : odonates rencontr\u00e9s \u00e0 Cuba, photos, d\u00e9tails d'identification, taille, biotope, distribution g\u00e9ographique et \u00e9tymologie.","breadcrumb":{"@id":"https:\/\/www.meslibellules.fr\/blog\/libellules-de-cuba\/#breadcrumb"},"inLanguage":"fr-FR","potentialAction":[{"@type":"ReadAction","target":["https:\/\/www.meslibellules.fr\/blog\/libellules-de-cuba\/"]}]},{"@type":"ImageObject","inLanguage":"fr-FR","@id":"https:\/\/www.meslibellules.fr\/blog\/libellules-de-cuba\/#primaryimage","url":"https:\/\/www.meslibellules.fr\/blog\/wp-content\/uploads\/Cuba-dans-le-monde.webp","contentUrl":"https:\/\/www.meslibellules.fr\/blog\/wp-content\/uploads\/Cuba-dans-le-monde.webp"},{"@type":"BreadcrumbList","@id":"https:\/\/www.meslibellules.fr\/blog\/libellules-de-cuba\/#breadcrumb","itemListElement":[{"@type":"ListItem","position":1,"name":"Accueil","item":"https:\/\/www.meslibellules.fr\/blog\/"},{"@type":"ListItem","position":2,"name":"Libellules de Cuba"}]},{"@type":"WebSite","@id":"https:\/\/www.meslibellules.fr\/blog\/#website","url":"https:\/\/www.meslibellules.fr\/blog\/","name":"Mes Libellules","description":"Pr\u00e9sentation des libellules rencontr\u00e9es dans le monde","publisher":{"@id":"https:\/\/www.meslibellules.fr\/blog\/#\/schema\/person\/9aa3586f9dd053fcf329f43b8b053c77"},"potentialAction":[{"@type":"SearchAction","target":{"@type":"EntryPoint","urlTemplate":"https:\/\/www.meslibellules.fr\/blog\/?s={search_term_string}"},"query-input":{"@type":"PropertyValueSpecification","valueRequired":true,"valueName":"search_term_string"}}],"inLanguage":"fr-FR"},{"@type":["Person","Organization"],"@id":"https:\/\/www.meslibellules.fr\/blog\/#\/schema\/person\/9aa3586f9dd053fcf329f43b8b053c77","name":"Beno\u00eet Guillon","image":{"@type":"ImageObject","inLanguage":"fr-FR","@id":"https:\/\/www.meslibellules.fr\/blog\/wp-content\/uploads\/cropped-avatar-150-pix.jpg","url":"https:\/\/www.meslibellules.fr\/blog\/wp-content\/uploads\/cropped-avatar-150-pix.jpg","contentUrl":"https:\/\/www.meslibellules.fr\/blog\/wp-content\/uploads\/cropped-avatar-150-pix.jpg","width":150,"height":137,"caption":"Beno\u00eet Guillon"},"logo":{"@id":"https:\/\/www.meslibellules.fr\/blog\/wp-content\/uploads\/cropped-avatar-150-pix.jpg"},"sameAs":["https:\/\/www.facebook.com\/benoit.guillon.96\/"]}]}},"_links":{"self":[{"href":"https:\/\/www.meslibellules.fr\/blog\/wp-json\/wp\/v2\/pages\/22605","targetHints":{"allow":["GET"]}}],"collection":[{"href":"https:\/\/www.meslibellules.fr\/blog\/wp-json\/wp\/v2\/pages"}],"about":[{"href":"https:\/\/www.meslibellules.fr\/blog\/wp-json\/wp\/v2\/types\/page"}],"author":[{"embeddable":true,"href":"https:\/\/www.meslibellules.fr\/blog\/wp-json\/wp\/v2\/users\/1"}],"replies":[{"embeddable":true,"href":"https:\/\/www.meslibellules.fr\/blog\/wp-json\/wp\/v2\/comments?post=22605"}],"version-history":[{"count":2,"href":"https:\/\/www.meslibellules.fr\/blog\/wp-json\/wp\/v2\/pages\/22605\/revisions"}],"predecessor-version":[{"id":24241,"href":"https:\/\/www.meslibellules.fr\/blog\/wp-json\/wp\/v2\/pages\/22605\/revisions\/24241"}],"wp:attachment":[{"href":"https:\/\/www.meslibellules.fr\/blog\/wp-json\/wp\/v2\/media?parent=22605"}],"curies":[{"name":"wp","href":"https:\/\/api.w.org\/{rel}","templated":true}]}}