{"id":4130,"date":"2019-11-05T10:56:54","date_gmt":"2019-11-05T09:56:54","guid":{"rendered":"http:\/\/www.meslibellules.fr\/blog\/?page_id=4130"},"modified":"2024-11-08T10:18:04","modified_gmt":"2024-11-08T09:18:04","slug":"libellules-du-mexique-mexican-odonates","status":"publish","type":"page","link":"https:\/\/www.meslibellules.fr\/blog\/libellules-du-mexique-mexican-odonates\/","title":{"rendered":"Libellules du Mexique &#8211; Mexican odonates"},"content":{"rendered":"\n<figure class=\"wp-block-image aligncenter is-resized\"><a href=\"https:\/\/www.meslibellules.fr\/blog\/wp-content\/uploads\/1306106-Mexique.jpg\"><img decoding=\"async\" width=\"1781\" height=\"1237\" data-src=\"https:\/\/www.meslibellules.fr\/blog\/wp-content\/uploads\/1306106-Mexique.jpg\" alt=\"Libellules du Mexique, carte des \u00e9tats mexicains\" class=\"wp-image-4132 lazyload\" style=\"--smush-placeholder-width: 1781px; --smush-placeholder-aspect-ratio: 1781\/1237;width:473px;height:328px\" data-srcset=\"https:\/\/www.meslibellules.fr\/blog\/wp-content\/uploads\/\/1306106-Mexique.jpg 1781w, https:\/\/www.meslibellules.fr\/blog\/wp-content\/uploads\/\/1306106-Mexique-768x533.jpg 768w, https:\/\/www.meslibellules.fr\/blog\/wp-content\/uploads\/\/1306106-Mexique-1200x833.jpg 1200w\" data-sizes=\"(max-width: 1781px) 100vw, 1781px\" src=\"data:image\/svg+xml;base64,PHN2ZyB3aWR0aD0iMSIgaGVpZ2h0PSIxIiB4bWxucz0iaHR0cDovL3d3dy53My5vcmcvMjAwMC9zdmciPjwvc3ZnPg==\" \/><\/a><\/figure>\n\n\n\n<p style=\"font-size:15px\">Libellules du Mexique &#8211; Mexican Odonates<br>Une douzaine de jours d&rsquo;un voyage touristique classique au Mexique fin octobre 2019 m&rsquo;ont permis de photographier environ 25 esp\u00e8ces d&rsquo;odonates. C&rsquo;est peu si l&rsquo;on consid\u00e8re qu&rsquo;il y a 357 esp\u00e8ces dans ce pays, mais mes visites m&rsquo;ont rarement approch\u00e9 des rivi\u00e8res ou des pi\u00e8ces d&rsquo;eau. Dans la partie tropicale que j&rsquo;ai visit\u00e9e, le moindre bassin ou mare abrite tout de m\u00eame des libellules.<br>Je n&rsquo;ai rencontr\u00e9 que des esp\u00e8ces tr\u00e8s communes, la plupart d\u00e9j\u00e0 vues ailleurs, sauf 2 ou 3 moins fr\u00e9quentes, comme un Heteragrion ou un Paltothemis.<br>On trouve i<a href=\"https:\/\/www.pugetsound.edu\/puget-sound-museum-natural-history\/biodiversity-resources\/insects\/dragonflies\/world-odonata-list\/mexican-odonataorld-odonata-list-4\">ci la liste des odonates du Mexique<\/a>, par \u00e9tat.<\/p>\n\n\n\n<div style=\"height:27px\" aria-hidden=\"true\" class=\"wp-block-spacer\"><\/div>\n\n\n\n\n\n<figure class=\"wp-block-table is-style-stripes\"><table class=\"has-fixed-layout\"><tbody><tr><td>C<strong>alopterygidae<\/strong><\/td><td><strong>Libellulidae<\/strong> <\/td><\/tr><tr><td>Hetaerina sp. <a href=\"https:\/\/www.meslibellules.fr\/blog\/2019\/12\/10\/mexique-hetaerina-sp\/\">\u2192<\/a><\/td><td>Dythemis sterilis <a href=\"https:\/\/www.meslibellules.fr\/blog\/2019\/11\/05\/mexique-dythemis-sterilis-hagen-1861\/\">\u2192<\/a>  <\/td><\/tr><tr><td><strong>Heteragrionidae<\/strong><\/td><td>Erythemis plebeja <a href=\"https:\/\/www.meslibellules.fr\/blog\/2019\/12\/09\/mexique-erythemis-plebeja-burmeister-1839\/\">\u2192<\/a> <\/td><\/tr><tr><td>Heteragrion alienum <a href=\"https:\/\/www.meslibellules.fr\/blog\/2019\/12\/16\/mexique-heteragrion-alienum-williamson-1919\/\">\u2192<\/a><\/td><td>Erythemis vesiculosa <a href=\"https:\/\/www.meslibellules.fr\/blog\/2019\/12\/14\/mexique-erythemis-vesiculosa-fabricius-1775\/\">\u2192<\/a> <\/td><\/tr><tr><td><strong>Coenagrionidae<\/strong><\/td><td>Erythrodiplax umbrata <a href=\"https:\/\/www.meslibellules.fr\/blog\/2019\/12\/25\/mexique-erythrodiplax-umbrata-linne-1758\/\">\u2192<\/a> <\/td><\/tr><tr><td>Argia cuprea <a href=\"https:\/\/www.meslibellules.fr\/blog\/2019\/12\/07\/mexique-argia-cuprea-hagen-1861\/\">\u2192<\/a><\/td><td>Macrothemis inacuta <a href=\"https:\/\/www.meslibellules.fr\/blog\/2020\/01\/14\/mexique-macrothemis-inacuta-calvert-1898\/\">\u2192<\/a> <\/td><\/tr><tr><td>Argia oculata <a href=\"https:\/\/www.meslibellules.fr\/blog\/2019\/11\/29\/mexique-argia-oculata-hagen-in-selys-1865\/\">\u2192<\/a> <\/td><td>Micrathyria hageni <a href=\"https:\/\/www.meslibellules.fr\/blog\/2020\/01\/23\/mexique-micrathyria-hagenii-kirby-1890\/\">\u2192<\/a> <\/td><\/tr><tr><td>Argia oenea <a href=\"https:\/\/www.meslibellules.fr\/blog\/2019\/11\/25\/mexique-argia-oenea-hagen-in-selys-1865\/\">\u2192<\/a> <\/td><td>Orthemis discolor <a href=\"https:\/\/www.meslibellules.fr\/blog\/2019\/11\/18\/mexique-orthemis-discolor-burmeister-1839\/\">\u2192<\/a>   <\/td><\/tr><tr><td>Argia pulla <a href=\"https:\/\/www.meslibellules.fr\/blog\/2019\/11\/21\/mexique-argia-pulla-hagen-in-selys-1865\/\">\u2192<\/a>  <\/td><td>Orthemis ferruginea <a href=\"https:\/\/www.meslibellules.fr\/blog\/2019\/11\/11\/mexique-orthemis-ferruginea-fabricius-1775\/\">\u2192<\/a>   <\/td><\/tr><tr><td>Argia translata <a href=\"https:\/\/www.meslibellules.fr\/blog\/2019\/11\/20\/mexique-argia-translata-hagen-in-selys-1865\/\">\u2192<\/a>    <\/td><td>Paltothemis lineatipes<a href=\"https:\/\/www.meslibellules.fr\/blog\/2020\/02\/01\/mexique-paltothemis-lineatipes-karsch-1890\/\"> \u2192<\/a><\/td><\/tr><tr><td>Argia ulmeca <a href=\"https:\/\/www.meslibellules.fr\/blog\/2019\/11\/23\/mexique-argia-ulmeca\/\">\u2192<\/a>     <\/td><td>Pantala flavescens <a href=\"https:\/\/www.meslibellules.fr\/blog\/2020\/01\/01\/mexique-pantala-flavescens-fabricius-1798\/\">\u2192<\/a> <\/td><\/tr><tr><td>Telebasis salva <a href=\"https:\/\/www.meslibellules.fr\/blog\/2020\/01\/04\/mexique-telebasis-salva-hagen-1861\/\">\u2192<\/a>   <\/td><td>Perithemis domitia <a href=\"https:\/\/www.meslibellules.fr\/blog\/2019\/12\/29\/mexique-perithemis-domitia-drury-1773\/\">\u2192<\/a> <\/td><\/tr><tr><td>Ischnura ramburii <a href=\"https:\/\/www.meslibellules.fr\/blog\/2019\/11\/08\/mexique-ischnura-ramburii-selys-in-sagra-1857\/\">\u2192<\/a>     <\/td><td>Perithemis tenera (ex-mooma) <a href=\"https:\/\/www.meslibellules.fr\/blog\/2019\/12\/26\/perithemis-tenera\/\">\u2192<\/a><\/td><\/tr><tr><td><strong>Aeshnidae<\/strong>  <\/td><td>Sympetrum corruptum <a href=\"https:\/\/www.meslibellules.fr\/blog\/2020\/01\/13\/mexique-sympetrum-corruptum-hagen-1861\/\">\u2192<\/a>  <\/td><\/tr><tr><td>Rhionaeschna multicolor <a href=\"https:\/\/www.meslibellules.fr\/blog\/2019\/12\/31\/mexique-rhionaeschna-multicolor-hagen-1861\/\">\u2192<\/a>  <\/td><td><\/td><\/tr><tr><td><\/td><td><\/td><\/tr><tr><td><strong> <\/strong><\/td><td><\/td><\/tr><tr><td><\/td><td><\/td><\/tr><tr><td><\/td><td><\/td><\/tr><tr><td><\/td><td><\/td><\/tr><tr><td><\/td><td><\/td><\/tr><tr><td><\/td><td><\/td><\/tr><tr><td><\/td><td><\/td><\/tr><tr><td><\/td><td><\/td><\/tr><tr><td><\/td><td><\/td><\/tr><tr><td><\/td><td><\/td><\/tr><\/tbody><\/table><\/figure>\n","protected":false},"excerpt":{"rendered":"<p>Libellules du Mexique &#8211; Mexican OdonatesUne douzaine de jours d&rsquo;un voyage touristique classique au Mexique fin octobre 2019 m&rsquo;ont permis de photographier environ 25 esp\u00e8ces d&rsquo;odonates. C&rsquo;est peu si l&rsquo;on consid\u00e8re qu&rsquo;il y a 357 esp\u00e8ces dans ce pays, mais mes visites m&rsquo;ont rarement approch\u00e9 des rivi\u00e8res ou des pi\u00e8ces d&rsquo;eau. Dans la partie tropicale [&hellip;]<\/p>\n","protected":false},"author":1,"featured_media":0,"parent":0,"menu_order":0,"comment_status":"closed","ping_status":"closed","template":"","meta":{"site-sidebar-layout":"default","site-content-layout":"","ast-site-content-layout":"default","site-content-style":"default","site-sidebar-style":"default","ast-global-header-display":"","ast-banner-title-visibility":"","ast-main-header-display":"","ast-hfb-above-header-display":"","ast-hfb-below-header-display":"","ast-hfb-mobile-header-display":"","site-post-title":"","ast-breadcrumbs-content":"","ast-featured-img":"","footer-sml-layout":"","ast-disable-related-posts":"","theme-transparent-header-meta":"","adv-header-id-meta":"","stick-header-meta":"","header-above-stick-meta":"","header-main-stick-meta":"","header-below-stick-meta":"","astra-migrate-meta-layouts":"set","ast-page-background-enabled":"default","ast-page-background-meta":{"desktop":{"background-color":"var(--ast-global-color-4)","background-image":"","background-repeat":"repeat","background-position":"center center","background-size":"auto","background-attachment":"scroll","background-type":"","background-media":"","overlay-type":"","overlay-color":"","overlay-opacity":"","overlay-gradient":""},"tablet":{"background-color":"","background-image":"","background-repeat":"repeat","background-position":"center center","background-size":"auto","background-attachment":"scroll","background-type":"","background-media":"","overlay-type":"","overlay-color":"","overlay-opacity":"","overlay-gradient":""},"mobile":{"background-color":"","background-image":"","background-repeat":"repeat","background-position":"center center","background-size":"auto","background-attachment":"scroll","background-type":"","background-media":"","overlay-type":"","overlay-color":"","overlay-opacity":"","overlay-gradient":""}},"ast-content-background-meta":{"desktop":{"background-color":"var(--ast-global-color-5)","background-image":"","background-repeat":"repeat","background-position":"center center","background-size":"auto","background-attachment":"scroll","background-type":"","background-media":"","overlay-type":"","overlay-color":"","overlay-opacity":"","overlay-gradient":""},"tablet":{"background-color":"var(--ast-global-color-5)","background-image":"","background-repeat":"repeat","background-position":"center center","background-size":"auto","background-attachment":"scroll","background-type":"","background-media":"","overlay-type":"","overlay-color":"","overlay-opacity":"","overlay-gradient":""},"mobile":{"background-color":"var(--ast-global-color-5)","background-image":"","background-repeat":"repeat","background-position":"center center","background-size":"auto","background-attachment":"scroll","background-type":"","background-media":"","overlay-type":"","overlay-color":"","overlay-opacity":"","overlay-gradient":""}},"footnotes":""},"class_list":["post-4130","page","type-page","status-publish","hentry"],"yoast_head":"<!-- This site is optimized with the Yoast SEO plugin v27.4 - https:\/\/yoast.com\/product\/yoast-seo-wordpress\/ -->\n<title>Libellules du Mexique - Mes Libellules<\/title>\n<meta name=\"description\" content=\"Libellules du Mexique ; pr\u00e9sentation des libellules du Mexique observ\u00e9es dans diff\u00e9rentes provinces, description, identification, photos\" \/>\n<meta name=\"robots\" content=\"index, follow, max-snippet:-1, max-image-preview:large, max-video-preview:-1\" \/>\n<link rel=\"canonical\" href=\"https:\/\/www.meslibellules.fr\/blog\/libellules-du-mexique-mexican-odonates\/\" \/>\n<meta property=\"og:locale\" content=\"fr_FR\" \/>\n<meta property=\"og:type\" content=\"article\" \/>\n<meta property=\"og:title\" content=\"Libellules du Mexique - Mes Libellules\" \/>\n<meta property=\"og:description\" content=\"Libellules du Mexique ; pr\u00e9sentation des libellules du Mexique observ\u00e9es dans diff\u00e9rentes provinces, description, identification, photos\" \/>\n<meta property=\"og:url\" content=\"https:\/\/www.meslibellules.fr\/blog\/libellules-du-mexique-mexican-odonates\/\" \/>\n<meta property=\"og:site_name\" content=\"Mes Libellules\" \/>\n<meta property=\"article:publisher\" content=\"https:\/\/www.facebook.com\/benoit.guillon.96\/\" \/>\n<meta property=\"article:modified_time\" content=\"2024-11-08T09:18:04+00:00\" \/>\n<meta property=\"og:image\" content=\"http:\/\/www.meslibellules.fr\/blog\/wp-content\/uploads\/1306106-Mexique.jpg\" \/>\n<meta name=\"twitter:card\" content=\"summary_large_image\" \/>\n<meta name=\"twitter:label1\" content=\"Dur\u00e9e de lecture estim\u00e9e\" \/>\n\t<meta name=\"twitter:data1\" content=\"3 minutes\" \/>\n<script type=\"application\/ld+json\" class=\"yoast-schema-graph\">{\"@context\":\"https:\\\/\\\/schema.org\",\"@graph\":[{\"@type\":\"WebPage\",\"@id\":\"https:\\\/\\\/www.meslibellules.fr\\\/blog\\\/libellules-du-mexique-mexican-odonates\\\/\",\"url\":\"https:\\\/\\\/www.meslibellules.fr\\\/blog\\\/libellules-du-mexique-mexican-odonates\\\/\",\"name\":\"Libellules du Mexique - Mes Libellules\",\"isPartOf\":{\"@id\":\"https:\\\/\\\/www.meslibellules.fr\\\/blog\\\/#website\"},\"primaryImageOfPage\":{\"@id\":\"https:\\\/\\\/www.meslibellules.fr\\\/blog\\\/libellules-du-mexique-mexican-odonates\\\/#primaryimage\"},\"image\":{\"@id\":\"https:\\\/\\\/www.meslibellules.fr\\\/blog\\\/libellules-du-mexique-mexican-odonates\\\/#primaryimage\"},\"thumbnailUrl\":\"http:\\\/\\\/www.meslibellules.fr\\\/blog\\\/wp-content\\\/uploads\\\/1306106-Mexique.jpg\",\"datePublished\":\"2019-11-05T09:56:54+00:00\",\"dateModified\":\"2024-11-08T09:18:04+00:00\",\"description\":\"Libellules du Mexique ; pr\u00e9sentation des libellules du Mexique observ\u00e9es dans diff\u00e9rentes provinces, description, identification, photos\",\"breadcrumb\":{\"@id\":\"https:\\\/\\\/www.meslibellules.fr\\\/blog\\\/libellules-du-mexique-mexican-odonates\\\/#breadcrumb\"},\"inLanguage\":\"fr-FR\",\"potentialAction\":[{\"@type\":\"ReadAction\",\"target\":[\"https:\\\/\\\/www.meslibellules.fr\\\/blog\\\/libellules-du-mexique-mexican-odonates\\\/\"]}]},{\"@type\":\"ImageObject\",\"inLanguage\":\"fr-FR\",\"@id\":\"https:\\\/\\\/www.meslibellules.fr\\\/blog\\\/libellules-du-mexique-mexican-odonates\\\/#primaryimage\",\"url\":\"http:\\\/\\\/www.meslibellules.fr\\\/blog\\\/wp-content\\\/uploads\\\/1306106-Mexique.jpg\",\"contentUrl\":\"http:\\\/\\\/www.meslibellules.fr\\\/blog\\\/wp-content\\\/uploads\\\/1306106-Mexique.jpg\"},{\"@type\":\"BreadcrumbList\",\"@id\":\"https:\\\/\\\/www.meslibellules.fr\\\/blog\\\/libellules-du-mexique-mexican-odonates\\\/#breadcrumb\",\"itemListElement\":[{\"@type\":\"ListItem\",\"position\":1,\"name\":\"Accueil\",\"item\":\"https:\\\/\\\/www.meslibellules.fr\\\/blog\\\/\"},{\"@type\":\"ListItem\",\"position\":2,\"name\":\"Libellules du Mexique &#8211; Mexican odonates\"}]},{\"@type\":\"WebSite\",\"@id\":\"https:\\\/\\\/www.meslibellules.fr\\\/blog\\\/#website\",\"url\":\"https:\\\/\\\/www.meslibellules.fr\\\/blog\\\/\",\"name\":\"Mes Libellules\",\"description\":\"Pr\u00e9sentation des libellules rencontr\u00e9es dans le monde\",\"publisher\":{\"@id\":\"https:\\\/\\\/www.meslibellules.fr\\\/blog\\\/#\\\/schema\\\/person\\\/9aa3586f9dd053fcf329f43b8b053c77\"},\"potentialAction\":[{\"@type\":\"SearchAction\",\"target\":{\"@type\":\"EntryPoint\",\"urlTemplate\":\"https:\\\/\\\/www.meslibellules.fr\\\/blog\\\/?s={search_term_string}\"},\"query-input\":{\"@type\":\"PropertyValueSpecification\",\"valueRequired\":true,\"valueName\":\"search_term_string\"}}],\"inLanguage\":\"fr-FR\"},{\"@type\":[\"Person\",\"Organization\"],\"@id\":\"https:\\\/\\\/www.meslibellules.fr\\\/blog\\\/#\\\/schema\\\/person\\\/9aa3586f9dd053fcf329f43b8b053c77\",\"name\":\"Beno\u00eet Guillon\",\"image\":{\"@type\":\"ImageObject\",\"inLanguage\":\"fr-FR\",\"@id\":\"https:\\\/\\\/www.meslibellules.fr\\\/blog\\\/wp-content\\\/uploads\\\/cropped-avatar-150-pix.jpg\",\"url\":\"https:\\\/\\\/www.meslibellules.fr\\\/blog\\\/wp-content\\\/uploads\\\/cropped-avatar-150-pix.jpg\",\"contentUrl\":\"https:\\\/\\\/www.meslibellules.fr\\\/blog\\\/wp-content\\\/uploads\\\/cropped-avatar-150-pix.jpg\",\"width\":150,\"height\":137,\"caption\":\"Beno\u00eet Guillon\"},\"logo\":{\"@id\":\"https:\\\/\\\/www.meslibellules.fr\\\/blog\\\/wp-content\\\/uploads\\\/cropped-avatar-150-pix.jpg\"},\"sameAs\":[\"https:\\\/\\\/www.facebook.com\\\/benoit.guillon.96\\\/\"]}]}<\/script>\n<!-- \/ Yoast SEO plugin. -->","yoast_head_json":{"title":"Libellules du Mexique - Mes Libellules","description":"Libellules du Mexique ; pr\u00e9sentation des libellules du Mexique observ\u00e9es dans diff\u00e9rentes provinces, description, identification, photos","robots":{"index":"index","follow":"follow","max-snippet":"max-snippet:-1","max-image-preview":"max-image-preview:large","max-video-preview":"max-video-preview:-1"},"canonical":"https:\/\/www.meslibellules.fr\/blog\/libellules-du-mexique-mexican-odonates\/","og_locale":"fr_FR","og_type":"article","og_title":"Libellules du Mexique - Mes Libellules","og_description":"Libellules du Mexique ; pr\u00e9sentation des libellules du Mexique observ\u00e9es dans diff\u00e9rentes provinces, description, identification, photos","og_url":"https:\/\/www.meslibellules.fr\/blog\/libellules-du-mexique-mexican-odonates\/","og_site_name":"Mes Libellules","article_publisher":"https:\/\/www.facebook.com\/benoit.guillon.96\/","article_modified_time":"2024-11-08T09:18:04+00:00","og_image":[{"url":"http:\/\/www.meslibellules.fr\/blog\/wp-content\/uploads\/1306106-Mexique.jpg","type":"","width":"","height":""}],"twitter_card":"summary_large_image","twitter_misc":{"Dur\u00e9e de lecture estim\u00e9e":"3 minutes"},"schema":{"@context":"https:\/\/schema.org","@graph":[{"@type":"WebPage","@id":"https:\/\/www.meslibellules.fr\/blog\/libellules-du-mexique-mexican-odonates\/","url":"https:\/\/www.meslibellules.fr\/blog\/libellules-du-mexique-mexican-odonates\/","name":"Libellules du Mexique - Mes Libellules","isPartOf":{"@id":"https:\/\/www.meslibellules.fr\/blog\/#website"},"primaryImageOfPage":{"@id":"https:\/\/www.meslibellules.fr\/blog\/libellules-du-mexique-mexican-odonates\/#primaryimage"},"image":{"@id":"https:\/\/www.meslibellules.fr\/blog\/libellules-du-mexique-mexican-odonates\/#primaryimage"},"thumbnailUrl":"http:\/\/www.meslibellules.fr\/blog\/wp-content\/uploads\/1306106-Mexique.jpg","datePublished":"2019-11-05T09:56:54+00:00","dateModified":"2024-11-08T09:18:04+00:00","description":"Libellules du Mexique ; pr\u00e9sentation des libellules du Mexique observ\u00e9es dans diff\u00e9rentes provinces, description, identification, photos","breadcrumb":{"@id":"https:\/\/www.meslibellules.fr\/blog\/libellules-du-mexique-mexican-odonates\/#breadcrumb"},"inLanguage":"fr-FR","potentialAction":[{"@type":"ReadAction","target":["https:\/\/www.meslibellules.fr\/blog\/libellules-du-mexique-mexican-odonates\/"]}]},{"@type":"ImageObject","inLanguage":"fr-FR","@id":"https:\/\/www.meslibellules.fr\/blog\/libellules-du-mexique-mexican-odonates\/#primaryimage","url":"http:\/\/www.meslibellules.fr\/blog\/wp-content\/uploads\/1306106-Mexique.jpg","contentUrl":"http:\/\/www.meslibellules.fr\/blog\/wp-content\/uploads\/1306106-Mexique.jpg"},{"@type":"BreadcrumbList","@id":"https:\/\/www.meslibellules.fr\/blog\/libellules-du-mexique-mexican-odonates\/#breadcrumb","itemListElement":[{"@type":"ListItem","position":1,"name":"Accueil","item":"https:\/\/www.meslibellules.fr\/blog\/"},{"@type":"ListItem","position":2,"name":"Libellules du Mexique &#8211; Mexican odonates"}]},{"@type":"WebSite","@id":"https:\/\/www.meslibellules.fr\/blog\/#website","url":"https:\/\/www.meslibellules.fr\/blog\/","name":"Mes Libellules","description":"Pr\u00e9sentation des libellules rencontr\u00e9es dans le monde","publisher":{"@id":"https:\/\/www.meslibellules.fr\/blog\/#\/schema\/person\/9aa3586f9dd053fcf329f43b8b053c77"},"potentialAction":[{"@type":"SearchAction","target":{"@type":"EntryPoint","urlTemplate":"https:\/\/www.meslibellules.fr\/blog\/?s={search_term_string}"},"query-input":{"@type":"PropertyValueSpecification","valueRequired":true,"valueName":"search_term_string"}}],"inLanguage":"fr-FR"},{"@type":["Person","Organization"],"@id":"https:\/\/www.meslibellules.fr\/blog\/#\/schema\/person\/9aa3586f9dd053fcf329f43b8b053c77","name":"Beno\u00eet Guillon","image":{"@type":"ImageObject","inLanguage":"fr-FR","@id":"https:\/\/www.meslibellules.fr\/blog\/wp-content\/uploads\/cropped-avatar-150-pix.jpg","url":"https:\/\/www.meslibellules.fr\/blog\/wp-content\/uploads\/cropped-avatar-150-pix.jpg","contentUrl":"https:\/\/www.meslibellules.fr\/blog\/wp-content\/uploads\/cropped-avatar-150-pix.jpg","width":150,"height":137,"caption":"Beno\u00eet Guillon"},"logo":{"@id":"https:\/\/www.meslibellules.fr\/blog\/wp-content\/uploads\/cropped-avatar-150-pix.jpg"},"sameAs":["https:\/\/www.facebook.com\/benoit.guillon.96\/"]}]}},"_links":{"self":[{"href":"https:\/\/www.meslibellules.fr\/blog\/wp-json\/wp\/v2\/pages\/4130","targetHints":{"allow":["GET"]}}],"collection":[{"href":"https:\/\/www.meslibellules.fr\/blog\/wp-json\/wp\/v2\/pages"}],"about":[{"href":"https:\/\/www.meslibellules.fr\/blog\/wp-json\/wp\/v2\/types\/page"}],"author":[{"embeddable":true,"href":"https:\/\/www.meslibellules.fr\/blog\/wp-json\/wp\/v2\/users\/1"}],"replies":[{"embeddable":true,"href":"https:\/\/www.meslibellules.fr\/blog\/wp-json\/wp\/v2\/comments?post=4130"}],"version-history":[{"count":0,"href":"https:\/\/www.meslibellules.fr\/blog\/wp-json\/wp\/v2\/pages\/4130\/revisions"}],"wp:attachment":[{"href":"https:\/\/www.meslibellules.fr\/blog\/wp-json\/wp\/v2\/media?parent=4130"}],"curies":[{"name":"wp","href":"https:\/\/api.w.org\/{rel}","templated":true}]}}